t is 4005 (base 7) in base 5?
21002
What is 55387 (base 9) in base 13?
13978
What is 1031 (base 15) in base 7?
12655
What is -17373 (base 10) in base 3?
-212211110
What is 1411 (base 5) in base 16?
e7
Convert -506 (base 12) to base 16.
-2d6
-3341 (base 8) to base 11
-1361
What is 3112 (base 8) in base 9?
2178
Convert -101001100111110 (base 2) to base 6.
-242354
Convert -d2 (base 14) to base 10.
-184
-3c93 (base 15) to base 7
-52536
36360 (base 7) to base 8
22352
7901 (base 12) to base 4
3101101
What is 101101110011000 (base 2) in base 3?
1012011110
What is -30974 (base 11) in base 16?
-b025
Convert -560 (base 9) to base 6.
-2043
What is 749 (base 15) in base 12?
b50
-3232032 (base 4) to base 3
-202220200
Convert 54167 (base 8) to base 2.
101100001110111
Convert -3d5 (base 14) to base 7.
-2155
-12240 (base 7) to base 11
-2461
What is -568 (base 12) in base 5?
-11200
What is -24402 (base 5) in base 3?
-2112121
What is 21230 (base 4) in base 9?
758
829 (base 10) to base 14
433
1bb6 (base 15) to base 12
3599
What is -1101 (base 3) in base 16?
-25
Convert 6b38 (base 12) to base 3.
121110022
Convert -133242 (base 5) to base 4.
-1111013
1237a (base 11) to base 3
220100112
What is -7404 (base 8) in base 14?
-1588
What is -11023 (base 12) in base 14?
-82a7
-1000001100 (base 2) to base 11
-437
Convert c509 (base 15) to base 10.
41634
Convert 443 (base 10) to base 9.
542
Convert -ab (base 13) to base 4.
-2031
What is -245115 (base 6) in base 8?
-52547
What is ea1 (base 15) in base 8?
6345
Convert -966 (base 10) to base 7.
-2550
What is -2412 (base 10) in base 14?
-c44
Convert -4620 (base 11) to base 15.
-1bec
What is -32652 (base 7) in base 10?
-8220
-51315 (base 6) to base 3
-100100102
553e (base 15) to base 2
100011010001011
What is -405021 (base 6) in base 16?
-7dc5
What is 61b (base 12) in base 14?
475
Convert -11110000110 (base 2) to base 9.
-2570
Convert 1134 (base 10) to base 2.
10001101110
-5b81 (base 12) to base 16
-2851
135161 (base 8) to base 6
1004545
-11542 (base 7) to base 10
-3019
What is 1604 (base 13) in base 3?
11102002
-439 (base 11) to base 14
-298
What is 6046 (base 11) in base 16?
1f64
What is -343 (base 9) in base 14?
-162
Convert 2826 (base 9) to base 4.
201102
What is 1110001011001 (base 2) in base 7?
30105
Convert 112724 (base 9) to base 16.
10849
4030 (base 5) to base 4
20003
545 (base 11) to base 8
1216
Convert 81b1 (base 14) to base 6.
251131
-a776 (base 13) to base 12
-11556
Convert 100121 (base 3) to base 4.
10003
222010 (base 3) to base 10
705
-15a5 (base 11) to base 7
-5660
31330 (base 13) to base 7
515542
Convert -3104 (base 11) to base 8.
-10026
What is 14213 (base 5) in base 11?
986
152031 (base 6) to base 3
202011201
Convert 4046 (base 11) to base 5.
132444
Convert -a5e (base 15) to base 10.
-2339
-25051 (base 10) to base 15
-7651
21023 (base 6) to base 2
101100000111
Convert 22212 (base 4) to base 16.
2a6
Convert -3559 (base 11) to base 10.
-4662
What is 75 (base 13) in base 8?
140
Convert -2206 (base 8) to base 3.
-1120220
Convert -c5da (base 16) to base 10.
-50650
304034 (base 7) to base 11
35a28
Convert -12300002 (base 4) to base 3.
-1101221002
3e6 (base 16) to base 7
2624
Convert 26d (base 14) to base 13.
2b8
Convert -3323020 (base 4) to base 9.
-24037
1011110111100 (base 2) to base 3
22100001
What is -35 (base 10) in base 15?
-25
16a52 (base 11) to base 5
1231034
What is -346 (base 14) in base 8?
-1212
-1101001001 (base 2) to base 14
-441
Convert -11112 (base 3) to base 5.
-442
64c (base 15) to base 8
2616
Convert a37 (base 16) to base 10.
2615
20131 (base 7) to base 15
169d
Convert 55 (base 7) to base 4.
220
-3710 (base 8) to base 16
-7c8
122 (base 8) to base 3
10001
What is -1101001111010 (base 2) in base 6?
-51214
Convert -210120 (base 3) to base 15.
-28c
Convert 37701 (base 8) to base 10.
16321
What is 151 (base 14) in base 10?
267
What is -1bb (base 12) in base 10?
-287
Convert -1010010101 (base 2) to base 8.
-1225
Convert -881 (base 9) to base 6.
-3201
1c8cb (base 13) to base 15
11ace
Convert -1abb4 (base 12) to base 10.
-39736
-3110001 (base 4) to base 7
-54363
238 (base 9) to base 16
c5
Convert 16076 (base 10) to base 2.
11111011001100
What is -103012 (base 4) in base 3?
-1200021
218 (base 12) to base 9
372
What is 5882 (base 10) in base 14?
2202
Convert 201212 (base 4) to base 7.
6161
Convert -121212 (base 4) to base 7.
-4530
What is -15a2 (base 16) in base 3?
-21121010
Convert -1120 (base 10) to base 3.
-1112111
11111011000111 (base 2) to base 9
24036
1102111 (base 3) to base 11
865
791 (base 13) to base 3
1210012
453 (base 9) to base 4
11310
Convert 2821 (base 12) to base 14.
198d
2102122 (base 3) to base 4
123230
203300 (base 4) to base 6
14332
What is 1403 (base 12) in base 3?
10011110
-197 (base 14) to base 3
-110012
What is 3d28 (base 16) in base 3?
210110212
What is -20561 (base 8) in base 2?
-10000101110001
What is 72 (base 14) in base 15?
6a
Convert -24224 (base 7) to base 5.
-200130
What is 726 (base 12) in base 16?
40e
What is 216 (base 15) in base 16?
1d7
Convert -7430 (base 10) to base 3.
-101012012
Convert 2100 (base 5) to base 13.
182
What is -892 (base 15) in base 16?
-791
Convert -7301 (base 10) to base 3.
-101000102
-2456 (base 9) to base 16
-729
-21b7 (base 16) to base 7
-34110
What is 15808 (base 10) in base 6?
201104
22256 (base 7) to base 5
140002
What is 615 (base 10) in base 12?
433
What is 268 (base 11) in base 2?
100111100
-1344 (base 7) to base 10
-522
628 (base 9) to base 14
288
7933 (base 13) to base 12
997a
-23123 (base 4) to base 6
-3215
What is -4017 (base 13) in base 5?
-240213
-7056 (base 8) to base 15
-1120
Convert 1101110111 (base 2) to base 15.
3e2
Convert 31101 (base 6) to base 4.
1000231
-132106 (base 7) to base 14
-903d
What is -57025 (base 9) in base 3?
-1221000212
2202 (base 3) to base 7
134
What is 23c (base 16) in base 10?
572
-1bb (base 16) to base 3
-121102
What is -1535 (base 6) in base 11?
-351
What is 573 (base 10) in base 16?
23d
What is 1212020 (base 4) in base 7?
25025
Convert -327 (base 16) to base 10.
-807
-100 (base 7) to base 15
-34
What is 7185 (base 10) in base 14?
2893
-693b (base 14) to base 2
-100011101101001
Convert 2056 (base 8) to base 6.
4542
Convert 31024 (base 7) to base 4.
1312030
-1173 (base 10) to base 7
-3264
Convert 7579 (base 10) to base 9.
11351
-200333 (base 4) to base 2
-100000111111
Convert 38262 (base 10) to base 14.
dd30
Convert -490 (base 14) to base 5.
-12120
-a6e (base 15) to base 5
-33404
2234 (base 6) to base 14
298
What is 1011123 (base 4) in base 2?
1000101011011
What is -11631 (base 7) in base 6?
-22100
-302035 (base 6) to base 12
-1191b
3021311 (base 5) to base 16
bccb
What is a5 (base 12) in base 11?
104
What is -12510 (base 9) in base 11?
-6377
What is -3373 (base 13) in base 12?
-41b4
110001111 (base 2) to base 15
1b9
Convert 13221 (base 4) to base 5.
3424
What is 2495 (base 10) in base 12?
153b
Convert -1ba (base 15) to base 11.
-334
What is 10332 (base 4) in base 16?
13e
-409 (base 10) to base 3
-120011
Convert 10001110 (base 2) to base 15.
97
Convert 138813 (base 9) to base 2.
10100110011101000
Convert -231431 (base 7) to base 12.
-1bb42
What is 1161 (base 11) in base 2?
10111101111
-1018 (base 11) to base 14
-6c6
Convert 13535 (base 9) to base 11.
69a0
What is 84a (base 14) in base 11?
1256
Convert -290 (base 11) to base 5.
-2331
What is 2a9 (base 14) in base 2?
1000011101
Convert -865 (base 12) to base 7.
-3404
-330333 (base 6) to base 15
-8180
What is 23010 (base 5) in base 12?
b3a
Convert 196 (base 11) to base 15.
101
Convert -1312231 (base 4) to base 2.
-1110110101101
Convert 41477 (base 8) to base 4.
10030333
What is 12b8a (base 16) in base 14?
1dd34
11010001000 (base 2) to base 12
b74
What is -b81 (base 14) in base 9?
-3101
-222 (base 5) to base 3
-2022
Convert -103034 (base 5) to base 16.
-dbf
-bb4 (base 13) to base 7
-5564
11476 (base 9) to base 7
31254
Convert 199 (base 13) to base 5.
2140
603 (base 11) to base 3
1000000
What is -2b86 (base 14) in base 13?
-36c1
Convert -7147 (base 10) to base 9.
-10721
What is -114010 (base 5) in base 15?
-13da
What is -401 (base 10) in base 16?
-191
-3426 (base 10) to base 6
-23510
What is 2670 (base 9) in base 7?
5565
-565 (base 9) to base 14
-252
What is -46c